 (20 - 55 - -22) + -1 + 30.
16
What is (-40 - (6 - -7 - 16)) + 6 + 1?
-30
Calculate -2 - -7 - 1 - (9 - 11).
6
Calculate -37 + 23 + (-3 - -4).
-13
(-2 - (-9 + 2)) + 917 + -907
15
-7 - (119 - 106) - (-1 - -2 - 7)
-14
What is 3 - 0 - 1 - (-761 + 759)?
4
700 + -710 + (1 + -1 - -23)
13
(-28 - -7 - 3) + 11
-13
What is the value of -248 - -259 - (2 - -22)?
-13
What is (30 - -11) + 8 + -24?
25
Evaluate (-24 - -31) + -1 + 1 - 18.
-11
Calculate -27 + (-9 - (0 - 25)).
-11
What is the value of 12 + 5 + (-9 - (6 - 14))?
16
What is the value of -17 + (2 - -9) + -5?
-11
-39 - ((-111 - -10) + 36)
26
Calculate -38 - (2 + -10) - -25.
-5
-8 + (-5 - -9) + -36 + 31
-9
What is the value of -31 - (-18 - (-13 - -13))?
-13
Evaluate -26 + 27 + (0 - 9) - (-1 - -9).
-16
What is the value of -35 + -12 + 39 + -15 + 0?
-23
What is the value of (46 - 77) + 2 + -1 + 5?
-25
Evaluate 13 + -5 + -15 + 7.
0
What is (-4 - (-4 - 3 - (17 + -14))) + -15?
-9
Calculate 9 + -6 + 3 + -15 + 0.
-9
Calculate 0 - (-16 + (69 + -62 - (0 + -1))).
8
What is the value of -135 + 129 - (2 + 10)?
-18
Calculate -18 + 3 + (108 - 112).
-19
Calculate (-6 - 21) + (9 - (9 + -12)).
-15
What is 13 - 4 - (-9 - -3) - 8?
7
12 - (0 + -4 + -2) - 8
10
(-15 - -2) + -15 + 22
-6
What is 8 + -3 - (0 - (-2 + -2)) - -11?
12
-3 - 8 - (70 - 64)
-17
What is the value of (3 - 15) + -5 + 25 - -9?
17
Calculate (-8 - -3) + 5 - 6 - -8.
2
What is the value of 0 - -2 - (-21 - (-6 - (11 - 3)))?
9
1 - 10 - (-216 + 202) - -23
28
What is the value of 1 + ((0 - 3) + -3 - (23 - 20))?
-8
What is the value of 6 + -6 + 93 + -121?
-28
What is (-45 - -24 - 11) + 19?
-13
What is the value of -10 + (1 + -8 - (-15 + 10))?
-12
-7 - -1 - (120 - 121)
-5
What is (1 + -2 + 20 - 7) + 1 + -2?
11
What is the value of 7 - ((17 + -12 - 13) + 13)?
2
Calculate (-31 - -24) + -7 + 20.
6
What is the value of -5 + 25 + -14 + 5?
11
What is -1 + 19 + -38 + 14?
-6
What is the value of -5 - -14 - 19 - -12?
2
Calculate (-1 - (-4 - -1)) + (-483 - -470).
-11
(12 - 34 - -32) + 14
24
Evaluate -1 + (-8 - ((-2 - 19) + (-10 - -17))).
5
Evaluate (5 - 10) + 38 + -24.
9
6 - (2 + -3 + 5) - 0
2
Calculate -2 - (12 + (-24 - -29)).
-19
Calculate 0 + 0 + -7 + (6 - 5 - -14).
8
What is the value of -22 + 1 + 19 - 14?
-16
-3 + 12 + -1 + (4 - 3) + 1
10
Evaluate -9 + 1 - (18 + -30 - -2).
2
What is the value of -8 - (-11 - (-5 + 7))?
5
What is the value of -6 + -6 + 2 + 1 + 15?
6
Calculate -1 + 7 + 2 + 0 + (-14 - -18).
12
Evaluate (-1 - (-12 + -5)) + -1.
15
18 + -3 + -9 - (-2 + 7) - -6
7
Calculate 62 - 94 - (4 + -2 - (3 - -1)).
-30
What is 27 - (36 + -57 - -19)?
29
Evaluate (10 - (0 - 0)) + -94 + 103.
19
Calculate 13 + (4 - 9) + -2 + 6 + 0.
12
Calculate (1 - (2 - 14 - (-4 - 2))) + 1.
8
(6 - (-12 - 10)) + -20 + 12
20
Calculate -7 + 1 + (-6 - (14 + -7)).
-19
What is the value of 20 - 27 - (-1 + -5) - -5?
4
Calculate 7 - 0 - (-15 + (19 - 27)).
30
Evaluate -7 + (-12 - (-1 + -4)) + -3 + 25.
8
Evaluate 174 + -145 - (14 - -2).
13
What is the value of -29 + (4 - (9 - (1 - -6))) + 5?
-22
Evaluate 9 + -3 + (2 - (8 - (-8 - -7))).
-1
-3 - (0 - 5) - (8 - (-11 - -6))
-11
What is the value of (-10 + 16 + -6 - 0) + 0 + 18?
18
What is 13 - (19 + -13) - (0 + 4)?
3
What is the value of -4 + 15 + -2 + 5 + -6?
8
Calculate 18 + 1 + -8 + -4.
7
-5 + 1 + -9 + 51 + -28
10
What is -46 + 31 + 27 + 9?
21
What is (-8 - (-12 + (14 - 2))) + -5 + 0?
-13
Calculate -15 + 3 + (-102 - -95).
-19
(8 - 27) + 47 + -26
2
What is -10 + -1 + 9 + (-7 - (-3 - 2))?
-4
(3 - (1 - -7)) + (-16 - -15)
-6
-6 - (-6 + 0) - (8 - (-9 + 23))
6
What is the value of 2 + (8 - 20) + 16 + (-28 - 1)?
-23
What is -8 + -5 - (8 + -27 + -3)?
9
What is (46 - 55 - (-8 + 2)) + 16?
13
What is (4 - -4 - (-2 + (-6 - -14))) + -6?
-4
24 - ((-38 - -66) + 22)
-26
What is the value of -7 + 18 + 18 + -4 + -2?
23
-11 + 5 - (3 - (-4 + 16))
3
What is the value of -1 + (2 + -1 - 20) - (107 + -112)?
-15
What is the value of 3 - (-8 + 3 - (-3 + 8))?
13
Calculate (-3 - -1) + -9 + 8 + -8 - -6.
-5
Evaluate (-6 + -1 - -9) + (5 - 1) + -1.
5
What is -22 - (-14 - 14) - 16?
-10
Evaluate (0 - (21 + -15 - 16)) + 8 + -1.
17
What is the value of (53 - 26) + -18 + 4?
13
(-4 - -8) + -8 + 0 - (-14 - 5)
15
What is -2 - 41 - (-93 + 60)?
-10
Calculate 0 + (10 + -6 - (4 + 2)).
-2
What is the value of -17 + (11 + (10 - 15) - 3)?
-14
Calculate -12 + 2 + 1 - (-16 + (3 - -7)).
-3
Evaluate (92 - 100 - (-1 - -4)) + -5.
-16
What is the value of (-11 - -17) + -25 + 8 - 7?
-18
Calculate -14 + -7 + -45 + 56.
-10
What is the value of 7 - (-4 + 6) - (10 - (3 - 5))?
-7
What is 19 - -4 - (-9 + 17 - (8 - 8))?
15
Evaluate -6 + -1 + 12 - (1 + 3).
1
What is -3 + (1 - 7) - (6 + 4 + -7)?
-12
What is 8 + -2 + 1 - (16 - (10 + 9))?
10
Calculate -18 + -17 + (18 - -17) + -3.
-3
What is (44 - 12) + -1 - 16?
15
What is -9 + (-3 - 3) + (-53 - -77)?
9
What is -117 + 121 + (-1 - (2 + 3))?
-2
What is 35 + 1 - (-101 + 163)?
-26
What is 144 + -168 + (0 - ((-3 - 0) + 1))?
-22
Evaluate 5 + -4 + 4 - (6 + (-1 - 2)).
2
What is the value of 1 + -1 + (-9 - -13) + -3 + 8?
9
Calculate (-9 - 7 - -9) + 6.
-1
Calculate (-9 + 21 - -8 - 5) + -1.
14
3 + -1 + (-162 - -158) + (-1 - 3)
-6
What is the value of (-13 - (-2 + 5 + 4 - 4)) + 2?
-14
(-36 - -20) + 36 + -1 + -10 - 40
-31
Evaluate -418 - -436 - (3 + 12).
3
What is the value of -3 + 0 + 95 + -104?
-12
What is the value of (64 - 61) + -3 + 0 - 8?
-8
What is the value of -7 - (-10 + -4 - (-37 - -7))?
-23
What is the value of -9 - (15 - 3) - (4 + -10)?
-15
What is the value of (3 - (8 - -4)) + (-10 - -13 - -13)?
7
What is the value of (700 - 701) + -2 + -6?
-9
5 - 1 - (-8 + -7 + 15)
4
What is the value of (-1 - -1) + 1 + -5 + (-7 - -9)?
-2
(-3 - 6 - (3 - -8)) + 8
-12
What is -16 + 8 + 11 - (0 - -1 - 9)?
11
8 - (3 + 4 + -5 + -15 + -2)
23
Evaluate (-25 - 3 - -51) + 1.
24
Calculate -1 - 2 - 15 - 0 - (18 + -14).
-22
What is the value of (-12 - ((-3 - 9) + -9)) + -1 + 10?
18
Evaluate -6 - ((11 - 2) + (4 - (51 - 4))).
28
Calculate -3 + (26 - 20 - (6 - 0)) - -1.
-2
What is the value of 523 + -518 - (2 + (-7 - (0 - 1)))?
9
Evaluate (-415 - -403) + (2 - -7).
-3
What is the value of -1 + -5 + 11 + (-12 - 5)?
-12
What is the value of 2 - (4 - 8) - 10 - (-1 - -4)?
-7
Calculate 3 + -2 - (1 + -4 - (-21 + 11)).
-6
1 + 1 - (-1 - 5 - (-5 + 3))
6
Evaluate (-9 - ((0 - 12) + 3)) + -15.
-15
12 + (4 - (2 - (-4 - -5))) + -2
13
(14 + -15 - (0 - (5 - 7))) + 13
10
Evaluate -12 + (-9 - -36 - 11).
4
Calculate -18 + 8 + 20 + (8 - 6).
12
What is the value of (-22 - (1 + -1)) + -20 + (47 - 28)?
-23
Calculate (14 - (10 + -32)) + -28.
8
Evaluate 23 - (-10 - -32) - 33.
-32
Calculate -23 - ((-24 - -32) + -26).
-5
7 - -13 - (-2 + 8 + 4 - 5)
15
Evaluate -1 - -19 - (-32 + 16 - -18) - 12.
4
What is the value of -18 - (-7 + (-3 - -1 - -4))?
-13
(0 - -20) + 1 + (28 - 30) + -5
14
What is (1 - 1) + 2 + 2 - (0 + 13)?
-9
What is the value of 22 + 5 - (4 - ((5 - 2) + -4))?
22
-13 - (31 + (4 - 34))
-14
Evaluate 4 + (-4 - (8 + -10 + 7 + -9)).
4
Calculate -13 - (13 - (14 + -3)).
-15
Calculate 3 + (2 - 13) + 3 + 7 + -9.
-7
Calculate 7 - 5 - (33 + -21).
-10
Evaluate 10 + -2 + -32 + 13.
-11
What is 9 - (19 - 14) - (-1 + 1 + -1)?
5
Calculate 16 + -23 - -14 - (26 - 1).
-18
Evaluate 8 - (-18 - -16) - -5.
15
Evaluate (-8 + (8 - 10) + 1 - 7) + -2.
-18
Calculate 20 + -13 + 11 + -8.
10
What is the value of (-3 - (8 - (7 + 0))) + 0 - -7?
3
3 + (5 - 0 - 42 - (3 + -2))
-35
(-44 - -30) + 45 - (1 - -13)
17
Evaluate (10 - -2 - (-104 + 119)) + 1 + -12.
-14
Evaluate 1 - 21 - -25 - (-5 - -1).
9
5 + (10 - ((-2 - 0) + 7))
10
Calculate (-32 - -18 - 19) + 12 + -11 + 1.
-31
Evaluate (18 - 5) + -5 - (10 - (-10 + 14)).
2
What is (-14 - (-12 + 11 + 0)) + -8?
-21
-9 + (4 - -8) - (0 + -3 - -16)
-10
What is the value of (1 + -3 - 4 - -4) + 1 + 0?
-1
What is the value of -4 + -2 + (0 - 6) + 5 - 0?
-7
Calculate 16 - (-20 + 6 + 27).
3
What is -866 - -880 - (13 - 0)?
1
Calculate 6 - 1 - (-8 - (-21 - -15)).
7
What is the value of -4 + -1 - (-75 - -75) - (0 - 14)?
9
What is the value of -7 - (-5 + -2 + -4)?
4
Calculate 40 - 53 - (-1 - 1).
-11
What is the value of 7 + (4 - (-3 - -10)) + -12?
-8
What is -11 + (-12 + 4 - (-8 + -1))?
-10
-20 + (8 - 9) + 2
-19
What is -4 + (-1 + 5 - 3) + 2?
-1
What is the value of -14 + 18 + -27 + 13 - -29?
19
9 + (-3 - (12 - 14))
8
Wh